 is r(-13)?
-20
Let s(b) = -b + 33. What is s(7)?
26
Let k(f) = -f**2 + 15*f - 1. Determine k(10).
49
Let c(x) = 14*x**2 - 3*x + 2. Determine c(1).
13
Let f(q) = -3*q**2 + 3*q + 5. What is f(-2)?
-13
Let p(u) = -4*u - 9. Give p(-6).
15
Let h(b) = -4*b - 2. What is h(-2)?
6
Let o(v) = v**2 + 12*v + 2. Calculate o(-12).
2
Let a(j) = 2*j**3 - j. Calculate a(-1).
-1
Let f(s) = -10*s**3 - 4*s**2 + 4*s + 1. Determine f(2).
-87
Let a(g) = 4*g - 1. Determine a(0).
-1
Let u(m) = 26*m**3 - m + 1. Give u(1).
26
Let d(i) = i**3 + 7*i**2 + 10*i + 1. Give d(-4).
9
Let u(b) = -b**2 - 14*b + 8. Calculate u(-7).
57
Let g(x) = 2*x**2 + 11*x - 1. Determine g(-6).
5
Let t(s) = -2*s**2 - 27*s - 8. Give t(-13).
5
Let w(y) = 20*y + 1. Determine w(2).
41
Let v(y) = 4*y**3 - y**2 + 2*y. Give v(1).
5
Let d(o) = -2*o - 1. Calculate d(2).
-5
Let x(w) = -w**3 + w**2 + 13*w - 2. Calculate x(4).
2
Let p(g) = -11*g**2 + 1. Determine p(1).
-10
Let x(s) = s**3 + 10*s**2 - 11*s + 16. Give x(-11).
16
Let l(q) = -q**2 + 2*q - 2. Determine l(3).
-5
Let p(y) = y**2 - 13*y - 243. Determine p(-10).
-13
Let d(w) = 3*w + 12. Determine d(-5).
-3
Let j(t) = 3*t + 95. What is j(-31)?
2
Let k(z) = -4*z - 3. Give k(-3).
9
Let t(f) = f**3 - f**2 + 14. Determine t(0).
14
Let a(d) = -d**2 + 6*d + 6. Give a(7).
-1
Let l(q) = q**2 + 16*q + 16. Give l(-8).
-48
Let w(g) = -g**2 - 6*g + 128. Calculate w(-15).
-7
Let z(t) = t**3 - 6*t**2 - 5*t + 8. Give z(7).
22
Let m(r) = -r - 28. Calculate m(12).
-40
Let y(z) = 3*z + 56. Determine y(-5).
41
Let d(b) = 2*b**2 + 23*b + 38. Give d(-15).
143
Let z(x) = 3*x**3 - 9*x**2 + 10*x. Give z(1).
4
Let u(r) = -r**2 + 24*r - 118. Calculate u(17).
1
Let h(q) = q**3 + 12*q**2 + 12*q - 36. Give h(-11).
-47
Let k(y) = -4*y**3 + 2*y**2 + 3*y. Give k(-1).
3
Let h(f) = -f**3 - 18*f**2 - 18*f + 6. What is h(-17)?
23
Let j(x) = -x**3 - x**2 + 8*x + 6. Determine j(-3).
0
Let w(q) = -15*q - 2. What is w(5)?
-77
Let y(d) = -d**3 + 21*d**2 + 21*d + 27. Determine y(22).
5
Let o(q) = 2*q - 2. Determine o(-5).
-12
Let o(y) = -y**3 - 18*y**2 - 18*y - 12. Give o(-17).
5
Let i(w) = -4*w + 5. Give i(0).
5
Let c(z) = -12*z + 32. What is c(2)?
8
Let l(s) = s**3 + 7*s**2 - 4*s - 9. Give l(-8).
-41
Let z(g) = 12*g + 64. Calculate z(-5).
4
Let j(a) = a**3 + 3*a**2 - 3*a - 6. Determine j(-4).
-10
Let b(k) = k**2 - 20*k + 42. Give b(13).
-49
Let z(p) = -9*p - 9. Give z(7).
-72
Let v(n) = 9*n - 53. Determine v(7).
10
Let h(a) = -a**2 - 17*a + 119. Calculate h(5).
9
Let v(w) = 14*w + 8. Calculate v(-4).
-48
Let g(a) = a**3 + 5*a**2 - 3*a + 5. Calculate g(-4).
33
Let c(u) = -15*u**2 + u. Determine c(-3).
-138
Let o(s) = -s**2 + 9*s - 4. Give o(7).
10
Let n(o) = -22*o**2 - o - 1. What is n(-1)?
-22
Let g(w) = -w + 13. Calculate g(6).
7
Let p(i) = 8*i + 34. Give p(-7).
-22
Let n(z) = z**2 + 27*z + 45. Give n(-25).
-5
Let m(c) = -c**2 + 10*c - 8. Calculate m(8).
8
Let m(i) = 33*i + 295. Determine m(-9).
-2
Let y(x) = -x**2 - 2*x + 1. What is y(2)?
-7
Let o(a) = -10*a + 171. Determine o(17).
1
Let y(k) = -9*k + 10. What is y(3)?
-17
Let r(m) = 50*m + 441. Give r(-9).
-9
Let v(p) = p**3 + 8*p**2 + 5. What is v(0)?
5
Let g(v) = v + 1. Calculate g(0).
1
Let f(k) = 35*k - 152. What is f(4)?
-12
Let t(r) = -22*r + 172. Give t(8).
-4
Let m(o) = o - 26. What is m(22)?
-4
Let z(j) = -2*j**3 + 11*j**2 - 7*j - 2. Calculate z(5).
-12
Let s(b) = b**3 - 6*b**2 + b + 1. Determine s(6).
7
Let d(t) = -8*t**2 - 89*t + 91. Give d(1).
-6
Let l(i) = -7*i + 137. Calculate l(19).
4
Let d(l) = l**2 + 2*l - 54. Give d(6).
-6
Let d(v) = v**2 - 6*v - 8. What is d(6)?
-8
Let i(u) = u**3 + 12*u**2 - 14*u - 4. What is i(-13)?
9
Let z(i) = -i + 22. What is z(9)?
13
Let j(w) = -13*w + 183. Determine j(14).
1
Let n(t) = -t**2 + 4*t + 2. Calculate n(7).
-19
Let p(k) = -7*k**2 + k + 7. What is p(3)?
-53
Let h(t) = -t**2 - 15*t + 6. Determine h(-16).
-10
Let r(u) = -u**3 + 10*u**2 + 2*u - 5. Determine r(10).
15
Let b(k) = 19*k - 240. Calculate b(13).
7
Let x(w) = 3*w**2 + 8*w - 2. Calculate x(-5).
33
Let k(i) = -i**2 - 12*i + 292. Determine k(12).
4
Let a(c) = 27*c**2 + 3*c - 2. Determine a(1).
28
Let p(t) = -t**3 - 17*t**2 - 17*t - 4. Calculate p(-16).
12
Let g(m) = m**3 + 7*m**2 - m + 18. Calculate g(-7).
25
Let o(c) = -4*c + 8. What is o(4)?
-8
Let f(s) = -3*s**2 + 10*s - 21. Calculate f(4).
-29
Let m(f) = -68*f**3 + f**2 - f - 2. What is m(-1)?
68
Let g(i) = i - 12. What is g(-5)?
-17
Let i(y) = -y**2 + 15*y - 25. Give i(11).
19
Let l(s) = 7*s**2 + 5*s + 10. Determine l(-2).
28
Let u(i) = 5*i + 52. Give u(-8).
12
Let r(m) = -3*m + 7. What is r(11)?
-26
Let d(a) = -2*a**2 + 62*a - 46. Calculate d(30).
14
Let g(o) = -o**3 - 18*o**2 - 11*o + 23. Calculate g(-17).
-79
Let k(z) = -5*z + 77. Determine k(16).
-3
Let r(m) = m**3 - 10*m**2 - 12*m - 15. Calculate r(11).
-26
Let z(b) = b**3 + b**2 + b + 10. Determine z(0).
10
Let m(k) = -2*k**2 - 21*k - 45. Give m(-8).
-5
Let q(w) = w**3 + w - 2. Calculate q(2).
8
Let t(z) = -6*z - 69. Calculate t(5).
-99
Let j(r) = -4*r + 21. Give j(-14).
77
Let k(g) = -4*g + 122. What is k(31)?
-2
Let f(c) = -c**2 + 3*c - 6. What is f(3)?
-6
Let p(q) = -47*q + 2. Determine p(-1).
49
Let d(j) = 2*j**3 - 11*j**2 + 5*j - 7. Calculate d(5).
-7
Let t(i) = 2*i**3 + 22*i**2 + 5*i + 15. Calculate t(-11).
-40
Let m(j) = j**3 - 6*j**2 + j - 10. Calculate m(7).
46
Let b(s) = -s**2 + 4*s - 5. What is b(2)?
-1
Let n(i) = i**2 + 2*i - 5. Give n(6).
43
Let p(c) = -c**3 - 13*c**2 - 25*c + 27. What is p(-11)?
60
Let w(t) = 3*t**2 - 20*t - 239. Determine w(13).
8
Let t(g) = g**3 - 12*g**2 + g + 25. Determine t(0).
25
Let t(r) = r**2 - 12*r + 9. Give t(7).
-26
Let u(v) = v**3 - 7*v**2 + 3*v + 5. What is u(5)?
-30
Let o(w) = -w**2 - w + 4. Calculate o(0).
4
Let g(i) = i + 6. Give g(-19).
-13
Let b(z) = z**3 - 8*z**2 - 34*z + 275. Determine b(6).
-1
Let m(c) = c**2 - 11*c + 30. Give m(8).
6
Let a(u) = -2*u**3 + 14*u**2 + u - 2. Give a(7).
5
Let f(p) = -p**3 + 30*p**2 + 63*p + 30. Give f(32).
-2
Let h(s) = -39*s + 225. Determine h(6).
-9
Let u(b) = 7*b - 98. Give u(15).
7
Let d(g) = g**2 - 5*g + 2. What is d(4)?
-2
Let s(j) = 15*j + 20. Calculate s(-1).
5
Let a(i) = -2*i + 4. Calculate a(8).
-12
Let z(p) = -2*p + 4. Determine z(9).
-14
Let v(y) = -y**2 + 26*y - 19. What is v(25)?
6
Let w(s) = -30*s - 2. Determine w(1).
-32
Let u(i) = i + 12. Calculate u(-9).
3
Let h(t) = t**2 - 9. Give h(-5).
16
Let u(g) = -g**3 - 5*g**2 - 7*g - 5. Give u(-4).
7
Let f(z) = -z**3 + 3*z**2 + 4*z - 10. Calculate f(4).
-10
Let j(o) = 19*o + 93. What is j(-4)?
17
Let a(m) = -2*m**2 - 8. Determine a(7).
-106
Let v(i) = i + 13. Determine v(0).
13
Let r(s) = s**3 - 31*s**2 - 34*s + 19. Determine r(32).
-45
Let v(i) = i + 17. Give v(-12).
5
Let d(z) = z**2 + 21*z + 34. Determine d(-14).
-64
Let a(z) = z**3 + z**2 - 2*z + 6. Determine a(-3).
-6
Let h(f) = f**2 - 27*f + 72. Calculate h(23).
-20
Let n(h) = -7*h**3 - h**2 - 2*h - 1. Determine n(-1).
7
Let a(l) = l**2 - 10*l + 29. Give a(6).
5
Let r(x) = -5*x**2 + 3*x + 1. What is r(-1)?
-7
Let u(m) = -2*m**2 + 55*m - 370. Determine u(13).
7
Let i(f) = -f**2 + 18*f + 10. Determine i(17).
27
Let z(f) = -f**2 + 10*f - 7. Determine z(9).
2
Let h(r) = 8*r. What is h(3)?
24
Let g(o) = -o**2 - 22*o + 16. Give g(-23).
-7
Let d(h) = 2*h**2 - 13*h - 16. Calculate d(11).
83
Let z(q) = -3*q**2 + 29*q - 6. What is z(9)?
12
Let r(o) = o**3 - 45*o**2 + 2*o - 92. Give r(45).
-2
Let n(m) = -5*m + 95. What is n(18)?
5
Let r(w) = -w**3 + 5*w**2 + 7*w + 6. Calculate r(6).
12
Let o(m) = -m - 17. What is o(-15)?
-2
Let o(a) = -11*a + 10. Determine o(8).
-78
Let u(w) = -w**3 + 2*w**2 + 7*w - 2. Calculate u(3).
10
Let n(q) = q**2 - 21*q - 37. Determine n(22).
-15
Let c(z) = -58*z**3 - 2*z + 1. Determine c(1).
-59
Let s(z) = z**3 - 25*z**2 + 2. Give s(25).
2
Let q(p) = p**2 - 4*p - 10. Determine q(5).
-5
Let g(z) = -z**3 - 9*z**2 + 8*z + 8. Determine g(-9).
-64
Let u(s) = 3*s + 15. Determine u(6).
33
Let o(y) = 3*y + 40. Calculate o(12).
76
Let w(s) = s**3 - 6*s**2 + 7*s + 7. Determine w(4).
3
Let k(w) = 2*w**3 - 14*w**2 + 4*w + 53. What is k(6)?
5
Let j(m) = -m**3 - 5*m**2 + 8*m + 1. What is j(-6)?
-11
Let j(m) = m - 11. Determine j(8).
-3
Let o(a) = 2*a**2 + 21*a + 36. What is o(-8)?
-4
Let r(h) = -h**3 + 9*h**2 + 8*h +